umber?
False
Is 8296626901 a composite number?
True
Is 2229346939 a composite number?
True
Is 10194542615 prime?
False
Is 6590236291 composite?
True
Is 68077693 a composite number?
False
Is 5958446609 prime?
True
Is 6257442319 a prime number?
True
Is 906709891 composite?
False
Is 7606581673 a composite number?
True
Is 13303075033 a composite number?
False
Is 41415887 prime?
False
Is 12161521609 prime?
True
Is 710121011 prime?
True
Is 1696445323 prime?
True
Is 3115064593 a composite number?
True
Is 4992612059 composite?
True
Is 3373366861 prime?
False
Is 3592555753 a composite number?
True
Is 63149962789 a prime number?
True
Is 10094984279 composite?
False
Is 1439263747 a composite number?
True
Is 250621181 composite?
False
Is 4325115617 prime?
True
Is 18747569969 a prime number?
True
Is 1719369723 prime?
False
Is 116072321 composite?
False
Is 176853319 a composite number?
False
Is 23068607851 a composite number?
False
Is 23595750349 a prime number?
True
Is 2140891433 a composite number?
True
Is 600495101 a prime number?
True
Is 3200718419 composite?
False
Is 32257583615 prime?
False
Is 53802834367 a composite number?
False
Is 611948893 prime?
False
Is 12016067177 a composite number?
True
Is 504786161 a composite number?
True
Is 40213375063 a composite number?
True
Is 681458567 a composite number?
False
Is 112020605029 a prime number?
True
Is 235580107831 composite?
False
Is 8949855907 prime?
False
Is 7569681433 a composite number?
True
Is 241015633 prime?
True
Is 1889265661 a prime number?
False
Is 32021687461 a prime number?
True
Is 6853317509 a prime number?
True
Is 354553349 a prime number?
False
Is 5078304367 a composite number?
False
Is 35985523753 composite?
True
Is 14916328171 a prime number?
False
Is 1553840133 a composite number?
True
Is 5557208537 a composite number?
True
Is 5396902057 a composite number?
False
Is 77214916771 composite?
True
Is 11632370401 a prime number?
True
Is 31421439119 a prime number?
False
Is 627993901 a composite number?
True
Is 2740514213 a prime number?
True
Is 41913878453 a prime number?
False
Is 771112589 a composite number?
True
Is 1582553633 prime?
True
Is 1419705982 prime?
False
Is 5872842727 prime?
False
Is 413033983 a composite number?
False
Is 144278290399 composite?
False
Is 393780007 a prime number?
True
Is 326178143 prime?
False
Is 18421048787 a prime number?
True
Is 872109803 composite?
True
Is 1201268737 prime?
True
Is 2176266737 a composite number?
False
Is 12920308109 composite?
False
Is 556455061 composite?
True
Is 9787894073 a composite number?
True
Is 1052762329 prime?
False
Is 28718900134 a prime number?
False
Is 74911572899 a prime number?
True
Is 19313546829 a prime number?
False
Is 24474899513 a prime number?
False
Is 7602976883 a composite number?
True
Is 67264243 composite?
False
Is 1293441571 a composite number?
True
Is 5109552319 composite?
False
Is 62177555147 composite?
True
Is 596313211 a composite number?
True
Is 54142309547 a prime number?
False
Is 13725834713 a prime number?
True
Is 417737750299 composite?
False
Is 97573846763 composite?
False
Is 77746913177 composite?
False
Is 66473268529 a composite number?
False
Is 2498455283 a composite number?
False
Is 547549971 prime?
False
Is 1367379043 composite?
False
Is 4049882063 composite?
True
Is 3685025089 a composite number?
False
Is 1336813963 a prime number?
False
Is 5998803749 prime?
False
Is 181621987 prime?
False
Is 1460559643 composite?
False
Is 2191008529 prime?
False
Is 304936369 a prime number?
False
Is 815333087 composite?
True
Is 15317698069 a composite number?
True
Is 37279374943 a prime number?
True
Is 26219738165 composite?
True
Is 1420930187 composite?
True
Is 56333861203 a composite number?
True
Is 219917639 prime?
True
Is 19036856057 prime?
True
Is 7311574343 composite?
True
Is 555556139 prime?
True
Is 207778609 composite?
False
Is 49803403955 a prime number?
False
Is 334440433 a prime number?
False
Is 7948114253 a composite number?
True
Is 746451701 a prime number?
True
Is 905196661 prime?
False
Is 4383134183 a composite number?
False
Is 197337593647 prime?
True
Is 1788576703 a composite number?
False
Is 51766494301 prime?
True
Is 5523108221 a composite number?
False
Is 903008059 a prime number?
True
Is 42518459 prime?
True
Is 134320591929 prime?
False
Is 416639787 prime?
False
Is 203676647 a composite number?
False
Is 290890411681 composite?
False
Is 571288183 composite?
False
Is 428152301 a prime number?
True
Is 95967628417 prime?
True
Is 1651152127 prime?
False
Is 12275296843 a prime number?
False
Is 385634027 a composite number?
False
Is 530443931 a composite number?
False
Is 584070533 prime?
False
Is 222594403 composite?
False
Is 10117663 prime?
True
Is 3395053471 a composite number?
False
Is 22306439 prime?
True
Is 30560866051 prime?
False
Is 51116516251 composite?
False
Is 4118303851 a composite number?
True
Is 4487021963 prime?
True
Is 562148889 a prime number?
False
Is 396433231 prime?
False
Is 74311752833 prime?
False
Is 3458547831 a prime number?
False
Is 1013644133 a prime number?
False
Is 3812700919 a composite number?
False
Is 7706958113 prime?
True
Is 21968656643 prime?
False
Is 429210077 prime?
False
Is 108421307 prime?
False
Is 3262588481 composite?
False
Is 1242274153 a composite number?
False
Is 52349070383 prime?
False
Is 46567341427 a composite number?
True
Is 13364146409 a composite number?
False
Is 2750523439 composite?
False
Is 2460992951 a composite number?
True
Is 1192756443 composite?
True
Is 112363609 a composite number?
False
Is 9069456147 composite?
True
Is 30620516363 prime?
False
Is 104224933 a prime number?
True
Is 65369594359 composite?
False
Is 1362653905 prime?
False
Is 1173527917 a prime number?
True
Is 596156303 prime?
False
Is 292658151 prime?
False
Is 9978791897 prime?
True
Is 1766650981 a composite number?
True
Is 883613153 prime?
True
Is 551473411 a composite number?
True
Is 207638448055 a composite number?
True
Is 833793223 composite?
False
Is 156941117 prime?
True
Is 4394705507 a composite number?
True
Is 3238129847 composite?
False
Is 12789803459 prime?
True
Is 24472975643 a composite number?
True
Is 6004564123 prime?
False
Is 54825798529 composite?
False
Is 171451619 prime?
True
Is 1121620979 prime?
True
Is 74348251 a composite number?
False
Is 1973006359 a composite number?
False
Is 4605571259 prime?
True
Is 596255377 prime?
True
Is 161832471797 prime?
False
Is 189620017 composite?
True
Is 3094048747 composite?
False
Is 6145113439 prime?
False
Is 165191723 prime?
False
Is 603694487 prime?
False
Is 42834941 a composite number?
True
Is 2551075895 prime?
False
Is 760633231 a prime number?
True
Is 106478173 prime?
True
Is 11491273559 composite?
False
Is 657694003 composite?
False
Is 4801170013 composite?
False
Is 2772398537 prime?
True
Is 152456969983 a composite number?
True
Is 1853453579 composite?
False
Is 1264688141 composite?
False
Is 4203892169 composite?
True
Is 329460743 prime?
True
Is 2701740919 composite?
True
Is 905048923 prime?
False
Is 38181464561 composite?
False
Is 818312773 prime?
True
Is 2782969961 composite?
False
Is 18311569819 a prime number?
True
Is 14442821071 composite?
True
Is 1556830937 prime?
False
Is 65302991003 a prime number?
False
Is 58711950961 prime?
False
Is 35938009 composite?
True
Is 11575888603 a prime number?
False
Is 1006857661 composite?
True
Is 308722523 a prime number?
False
Is 2910798013 prime?
True
Is 39965236669 prime?
True
Is 1830798617 prime?
False
Is 2519835497 composite?
False
Is 803176391 a prime number?
True
Is 776926529 prime?
True
Is 1371011113 prime?
False
Is 6465529713 a prime number?
False
Is 8922599761 prime?
True
Is 64552420157 prime?
False
Is 10656591089 composite?
False
Is 193525847 a prime number?
False
Is 83316547 a composite number?
False
Is 56581340033 composite?
False
Is 2759224283 prime?
True
Is 495387127 a composite number?
False
Is 19312910101 a prime number?
True
Is 10639371107 a prime number?
False
Is 1419171209 prime?
True
Is 17427955757 a prime number?
True
Is 20783902301 a composite number?
False
Is 1516941539 composite?
False
Is 2209605641 composite?
False
Is 47191950223 a prime number?
False
Is 37896982469 a prime number?
False
Is 7294466549 a composite number?
True
Is 12113624179 composite